2 - 5*b - 8. Let c be o(6). Is c/(((-9)/(-3))/(-21)) a multiple of 7?
True
Suppose -2*r + 0 = 10. Let z = r - -14. Does 4 divide z?
False
Let g = 6 + -4. Suppose g + 31 = 3*h. Is h a multiple of 6?
False
Suppose h = 30 + 22. Let a = h + 5. Suppose 0*m = m - a. Is 19 a factor of m?
True
Suppose 4*c = p - 4, -8 = -c + 2*c - 2*p. Suppose -9 + c = -n. Is 5 a factor of n?
False
Let m(u) = -u**3 + 6*u**2 + 3*u + 3. Is m(4) a multiple of 13?
False
Let f(k) = 3*k + 56. Is f(0) a multiple of 28?
True
Suppose 2 = -q + 9. Let s(p) = -5*p - 2. Let m(u) = 2*u + 1. Let i(b) = -7*m(b) - 3*s(b). Does 4 divide i(q)?
False
Let d be ((-20)/(-12))/((-1)/3). Let m = -4 - d. Is (19/m)/((-1)/(-2)) a multiple of 16?
False
Let v(a) = -2*a**3 + a**2 + 3*a - 2. Does 26 divide v(-3)?
True
Let g(a) = -49*a - 2. Does 27 divide g(-1)?
False
Let w = 17 + -14. Is w/(-2)*(-80)/10 a multiple of 5?
False
Let f(w) = 2*w**2 - 4 + 10*w + 4. Let h be f(-9). Suppose y = -y + h. Is 13 a factor of y?
False
Suppose -8 = -4*r + 4*f, 4*r + r = -f - 2. Let s = 0 - r. Is 7 a factor of 12 - (-2 - s/3)?
True
Let u(o) = -o**2 - 3*o + 10. Let s be u(-9). Let c = s + 69. Does 20 divide c?
False
Suppose d - 5*d = -8. Suppose -2*f + 6 = 2*m, f - 6 = 3*f. Suppose d*r = 30 + m. Does 9 divide r?
True
Let q = -1 - 10. Let i = q + 16. Suppose 10*p = 5*p + 3*o + 70, i*o = 0. Is p a multiple of 7?
True
Suppose 2*y = -7*v + 2*v + 1, -6 = -2*v. Let n = y + 16. Is n a multiple of 7?
False
Let r = -21 + 60. Is 13 a factor of r?
True
Let r(n) be the first derivative of 20*n**3 - n - 1. Let t be r(1). Suppose t = 2*x + 3*x - u, 2*u = 2*x - 22. Is 6 a factor of x?
True
Let d = 3 - -17. Is d a multiple of 14?
False
Suppose 0 = 5*j + 10, -2*w - 3*w + 5*j = -145. Suppose 0*s + w = s + 2*l, -3*s + l + 116 = 0. Does 13 divide s?
False
Suppose -p - 180 = -6*p. Suppose i = -4*n - p + 116, -3*i = n - 218. Is i a multiple of 21?
False
Suppose -3*y + 0*r + 2*r + 682 = 0, -4*y + r + 906 = 0. Is y a multiple of 34?
False
Suppose 7*p - 150 = 5*p. Is p a multiple of 25?
True
Let u(m) = 2*m**2 - 4*m + 2. Let l be u(2). Let k = l - -1. Is 12 a factor of (29/(-3))/(k/(-9))?
False
Suppose -n - 242 = -3*n. Suppose 7*g = 2*g - 5, 4*t + 3*g - n = 0. Does 18 divide t?
False
Let w be 2 + (6 - 3/1). Suppose -150 = -0*l - w*l. Is l a multiple of 15?
True
Let g(z) = -7*z - 41. Is g(-11) a multiple of 5?
False
Let t(b) = 10*b - 5. Let i be t(5). Suppose 231 = 4*u - i. Let c = u - 41. Is c a multiple of 14?
True
Let h = 2 + 0. Suppose 183 = h*q + q. Does 22 divide q?
False
Let x = 0 + 2. Suppose 52 = 5*j + 7. Suppose j = x*t - 9*k + 4*k, -k + 39 = 3*t. Is t a multiple of 12?
True
Let r = 44 + -21. Is 3 a factor of r?
False
Let a(i) = -i**3 - 5*i**2 - 6*i - 5. Let s be a(-4). Let k(g) = s*g + g - 1 + 5*g. Is k(2) a multiple of 8?
False
Suppose 3*k - 4*k + 27 = 0. Is k a multiple of 5?
False
Suppose -y = l + 5, -2*l - 2 = -2*y - 0. Let s = y - -4. Suppose 5*v + 21 = r, -s*r = 4*v - 6 - 50. Is r a multiple of 16?
False
Suppose f - 16 = -3*l, -4*f - l = -f - 16. Suppose 4*k + 8 = f*b - 96, 3*b + 5*k = 78. Suppose 2*x = b + 18. Is x a multiple of 11?
True
Let b(x) = 0*x - 6*x - 6 + 2*x. Does 9 divide b(-6)?
True
Let l = -40 + 76. Is 6 a factor of l?
True
Let h be 46/14 - (-8)/(-28). Suppose -5*t = -h*u + 1, 0*u + 2*t - 10 = -4*u. Let m = u + 9. Is m a multiple of 7?
False
Suppose 5*k = k + 4, 3*c - 529 = -k. Is c a multiple of 22?
True
Let j = -11 - -5. Let g(z) = -3*z**3 + z**2 - 13*z - 4. Let r(m) = -2*m**3 + 2*m**2 - 12*m - 4. Let q(v) = -3*g(v) + 4*r(v). Does 14 divide q(j)?
True
Suppose 4*k - 11 = d, 0*d - d = 3*k - 17. Is d a multiple of 5?
True
Suppose -3*u + 11 + 19 = 0. Suppose -5*n + u*n = 15. Let y(g) = 2*g**2 - 2. Does 8 divide y(n)?
True
Suppose -2*v = -4*w - 22, -w = -3*v + w + 53. Suppose -3*y + v = -12. Does 5 divide y?
False
Suppose 3*t = -t + 12. Let u be (0 - -4)*t/4. Suppose -u*p - 7 = -46. Does 5 divide p?
False
Suppose -3*v = 0, -3*c + v + 4*v = -231. Is 37 a factor of c?
False
Let l = -4 + -3. Is 11 a factor of 2/l + 316/28?
True
Let w = 1 - 4. Is 18 a factor of (53 + 1)/((-3)/w)?
True
Suppose -11*z = -27*z + 1008. Is 13 a factor of z?
False
Let a = 1 + 3. Suppose 4*d - 4*t - 4 = 0, a*t - 23 = -5*d - 0*d. Suppose -3*x - 15 = 0, -x + 2*x = d*l - 29. Is 8 a factor of l?
True
Let a(b) = b**3 + 8*b**2 - b - 11. Is 19 a factor of a(-4)?
True
Let v(t) = 2*t**2 + t - 2. Let m(u) = u**3 + 5*u**2 - 7*u - 7. Let j be m(-6). Let f be (j - -5)*6/(-8). Does 13 divide v(f)?
True
Suppose -6*c + 474 = -642. Does 29 divide c?
False
Suppose -2*j + 25 = -j + 4*s, s + 86 = 2*j. Is j a multiple of 20?
False
Let f(t) = -4*t**3 + 7*t**2 - 8*t + 5. Let b(m) = 7*m**3 - 13*m**2 + 15*m - 9. Let j(y) = -6*b(y) - 11*f(y). Is 21 a factor of j(3)?
False
Let z be 3 - ((1 - -2) + -368). Suppose -4*g + g - 302 = -4*p, -5*p + z = g. Does 37 divide p?
True
Let r = -2 - -3. Suppose -3*k = -2*l + 203, 3*l + 9 = 3. Does 10 divide r + k/(9/(-3))?
False
Let u(k) = -k + 4. Suppose -7 = -3*i + 11. Let c be u(i). Does 6 divide (c + 3 - 29)/(-2)?
False
Let k = -9 + 19. Does 2 divide k?
True
Let u = 15 - 11. Is u a multiple of 2?
True
Suppose 0 = -n - 3*m + 20, -3*m = -3*n + 71 + 1. Does 18 divide n?
False
Suppose 4*k = -0*k + 12. Suppose 4*v - 5*v = -5*r - 42, 54 = k*v + 3*r. Is v a multiple of 8?
False
Let i(k) = -k**3 + 5*k**2 - 11*k + 6. Does 28 divide i(-4)?
False
Suppose r - 3 = 1, -4*a - 4 = -r. Suppose 3*i - 71 - 13 = a. Is i a multiple of 14?
True
Let k(w) = 50*w + 39. Does 21 divide k(3)?
True
Is ((-730)/50 + 2/(-5))*-10 a multiple of 13?
False
Suppose 2*c = 4*x, 2*c - 1 - 7 = 0. Let j = x - -4. Is j even?
True
Suppose -2*p + 5*p - 99 = 0. Is 12 a factor of 14/(-21)*p/(-1)?
False
Let s(x) = x**2 + 5*x + 4. Let p be s(-4). Suppose -2*q + 250 = -p*q. Let b = q - 79. Is b a multiple of 17?
False
Let d be 14/3 - (-1)/3. Suppose 10*r - 35 = d*r. Let t = r + 12. Is 7 a factor of t?
False
Let d(r) = r**3 - 9*r**2 + r + 21. Is 10 a factor of d(9)?
True
Let b = 270 - 91. Suppose 96 = 5*y - b. Suppose 5*t = y + 35. Does 18 divide t?
True
Suppose 14 = n + 5. Is ((-30)/n)/((-6)/9) a multiple of 3?
False
Let s = 0 - -276. Does 39 divide s?
False
Suppose -3*l = 3*z - 9, 3*z - 4 = -4*l + 7*z. Let v be (-126)/(-33) - l/(-11). Suppose -v*m + 73 = 21. Does 13 divide m?
True
Suppose 0*x = -d + 2*x + 29, -3*d - 2*x = -55. Let b = d - 6. Is 15 a factor of b?
True
Suppose 248 = 3*g + f - 138, 4*f = 3*g - 406. Suppose -5*y + 349 + g = 2*p, -3*p + 291 = 3*y. Does 26 divide y?
False
Let p(s) = s**2 + 6*s - 3. Let r be p(-7). Suppose -r*j + 50 + 46 = 0. Is j a multiple of 7?
False
Let l(a) = a**3 - 8*a**2 - 8*a - 7. Let q be l(9). Is 18 a factor of (-1956)/(-54) - q/9?
True
Let s = -2 + 9. Suppose -s*r = 17 - 129. Does 8 divide r?
True
Is 12 a factor of (-531)/6*(-8)/6?
False
Suppose 0 = -m + 2*m. Suppose -o + 145 = -m*x + 5*x, -2*o - x + 281 = 0. Suppose a - 2 = 5*n, -o = a - 6*a - n. Is 10 a factor of a?
False
Let h = -1 + 10. Is h a multiple of 3?
True
Let m = -30 - -15. Let k = m - -25. Is 10 a factor of k?
True
Suppose -4*l + 1070 = 5*n, 3*l - 6*n - 814 = -4*n. Is 12 a factor of l?
False
Does 2 divide 2/9 - 215/(-45)?
False
Suppose -r - 2*z - 1 = 0, -r + z = 7 - 18. Suppose c + 180 = r*c. Does 7 divide c?
False
Let x = 1 - 1. Let z(b) = b + 9. Let q(a) = a + 8. Let t(c) = -2*q(c) + 3*z(c). Is 9 a factor of t(x)?
False
Suppose 10 = 5*k, 208 = 5*n + k + 3*k. Is 20 a factor of n?
True
Suppose y = -5*g - 51, -4*y + 27 = -2*g + g. Let r = g + 23. Let u = r - 8. Is u a multiple of 2?
True
Let c be ((-1)/2)/((-1)/28). Let x = -2 + c. Suppose 3*b + x = 0, 2*n + 3 = -b + 73. Is 17 a factor of n?
False
Suppose -4*h - 6 = -y - 16, 5*y = -4*h - 2. Suppose h*r = 12 + 20. Is r a multiple of 6?
False
Suppose 14 = -t + 23. Let j(l) be the second derivative of -l**4/12 + 5*l**3/3 - 3*l**2/2 + l. Is j(t) a multiple of 3?
True
Let k(d) = d - 14. Let b(q) = q - 14. Let h(z) = -3*b(z) + 2*k(z). Let g be h(10). Let v(y) = 6*y - 3. Is 8 a factor of v(g)?
False
Let n(l) = -l**3 + 7*l**2 + 4*l + 2. Does 4 divide n(7)?
False
Let f = 6 - 2. Suppose -5*r - f = p, 3*p + 3*r - r - 40 = 0. Is p a multiple of 8?
True
Suppose 5*x - 13*x + 64 = 0. Does 6 divide x?
False
Suppose 102 = p + 2*t, -2*t + 526 =